of t.
3, 7
Let i(z) = 10*z**2 + 3*z - 7. List the prime factors of i(3).
2, 23
Suppose 5*l - 2384 = -3*l. What are the prime factors of l?
2, 149
Suppose 2*m - 4*d = 24, 3*d + 48 = 4*m - 2*d. Suppose 0 = -m*j + 15*j - 57. What are the prime factors of j?
19
Let s = 9 - 9. Suppose 2*d = 5*y - 70, 3*y + 3*d - 51 - 12 = s. List the prime factors of y.
2
What are the prime factors of (9/3)/3 - -50?
3, 17
Let y be (-9)/(-36) - 267/(-4). Let m = -40 + y. List the prime factors of m.
3
List the prime factors of (0 - -2 - 4) + 10.
2
Let u(n) = 10*n + 7. List the prime factors of u(4).
47
What are the prime factors of 2/(-1 + 135/125)?
5
Suppose -4*a + a + 24 = 0. What are the prime factors of 4/(-16) - (-114)/a?
2, 7
Let a be -2 - 18/(-3) - 2. Let l be 3/(-1) - (-5)/5. List the prime factors of a/(l - -4) - -1.
2
Suppose 8*m - 746 = -34. What are the prime factors of m?
89
Suppose i - 27 - 20 = 0. What are the prime factors of i?
47
Suppose -2*p = -6*p + 16. Suppose p*a + a = 200. Let m = a - 28. List the prime factors of m.
2, 3
Suppose 76 = -2*g + 3*y, 3*g = -5*y - 90 + 14. Let b = g + 55. What are the prime factors of b?
23
Let p = 29 + -20. Suppose 3*h - p = -h - 3*s, -5*h = 4*s - 11. Suppose -47 = -h*j - 11. What are the prime factors of j?
2, 3
Suppose 38 = 4*b + 10. Suppose z - 33 = -b. Suppose -2*t = 4*r - z, -3*r - 4 + 36 = 4*t. What are the prime factors of t?
5
Suppose 2*h + 74 = 3*u, 0 = -4*u + 3*h + h + 100. Suppose 0 = s + s - u. What are the prime factors of s?
2, 3
Suppose -5*m + 3*h + 339 = -2*m, m - 2*h - 113 = 0. List the prime factors of m.
113
Let o be (12/9)/(2/3). Let f be 0*2/o*1. Suppose -3*k + f + 15 = 0. What are the prime factors of k?
5
Suppose 3*h = 14 - 5. Suppose 0 = h*i + 4*o + 11, 3*o = i + i - 21. What are the prime factors of i?
3
Suppose 2*b + 66 = 2*h, 0 = 5*h - h + 3*b - 125. What are the prime factors of h?
2
Suppose 15 = -x + 4*x. What are the prime factors of x?
5
Suppose 0 = 2*s + 3*s - 30. Let l(x) = -x**3 + 6*x**2 + 5. Let g be l(s). Let r = g + 0. List the prime factors of r.
5
Let f(w) = w - 26. Let n be f(0). Let k be (188/(-6))/(4/(-6)). Let v = n + k. List the prime factors of v.
3, 7
Suppose 0 = 5*k + 25, 0 = -2*a + 4*k - 7*k + 191. List the prime factors of a.
103
Suppose 7*d = 3*d. Suppose p + 8 = 4*v - d, 2*p + 4*v = 44. Let o = p + -5. List the prime factors of o.
7
What are the prime factors of (-125)/(-1) + (-5 - -1) + 0?
11
List the prime factors of 1/(-7) + 841/7.
2, 3, 5
Let p(r) = r**3 - r**2 - r + 18. Suppose -9*m = -5*m. What are the prime factors of p(m)?
2, 3
Suppose -6*d + 4*d + 794 = -2*m, -3*d + 1201 = 2*m. List the prime factors of d.
3, 7, 19
List the prime factors of 3/4 + (-129)/(-4).
3, 11
Let m(x) = -17*x - 2. Let c be m(-1). What are the prime factors of (0 - -1)*(-11 + c)?
2
Let a(l) = -l**3 - 8*l**2 - 8*l - 5. Let f be a(-6). Let m = -13 - f. List the prime factors of m.
2
Suppose 0*n - n + y = -98, -5*n = 2*y - 455. What are the prime factors of (-6)/21 + n/7?
13
Let f = 2 - 0. Suppose -5*c + 5*i = 10, 0*c = 5*c - 3*i + f. List the prime factors of c.
2
Let n = 196 + -94. What are the prime factors of n?
2, 3, 17
Let p = 8 + -6. Suppose 4*a = 3*b - 4*b + 18, 0 = -4*b + p*a. Suppose 2*f - b = -0*f - 2*n, -5*n = 3*f + 1. What are the prime factors of f?
3
Suppose 3*d = 53 - 20. Suppose 9 = -5*w - 5*f - d, -w = 2*f + 5. Let b = 3 - w. List the prime factors of b.
2, 3
Suppose 4*v - 148 - 12 = 0. What are the prime factors of v?
2, 5
Let b be 28/7 - (1 - 0). Suppose 2*a = -b*a + p + 109, -4 = -4*p. What are the prime factors of a?
2, 11
Let k = -134 - -206. What are the prime factors of k?
2, 3
What are the prime factors of 2886/45 + 2/(-15)?
2
Suppose 4*v - 51 = 125. List the prime factors of v.
2, 11
Let i = 360 + -222. What are the prime factors of i?
2, 3, 23
Let g(b) = 1 + 2*b**2 + 0 - 2. Let l be g(1). List the prime factors of (0 - 2)/(l/(-3)).
2, 3
Let t(x) = x - 1. Let y(d) = -2*d**2 + 4*d - 25. Let m(v) = 4*t(v) - y(v). What are the prime factors of m(0)?
3, 7
List the prime factors of 184/3 + (-18)/(-27).
2, 31
Suppose -4*z - 2 = -5*z. Suppose p - 5*j - 23 = 0, 4*j + 2 = -z*p + 2*j. List the prime factors of p.
3
Let a = 16 - 11. List the prime factors of a.
5
Let f = -29 + 47. What are the prime factors of f?
2, 3
Let v(f) = -f**3 - 7*f**2 - 4*f + 3. Let l be v(-5). Let z = l - -40. What are the prime factors of z?
13
Let c(a) = -10*a - 16. What are the prime factors of c(-6)?
2, 11
Let g(w) = 2*w**3 + w - 1. Let x be g(1). Suppose -3*f - x*a - 8 = -27, -3*f + 5 = -5*a. Suppose -17 + f = -4*d. What are the prime factors of d?
3
List the prime factors of (-5)/10*(-39 + 1).
19
Let t = -163 - -230. List the prime factors of t.
67
Let l = -27 + 95. What are the prime factors of l?
2, 17
Let o(t) = -26*t + 8. What are the prime factors of o(-3)?
2, 43
Let w be (230/(-5))/(1 + -3). Let y = w + 0. List the prime factors of y.
23
Suppose 2*l = -2*l. Suppose l + 14 = 2*g. What are the prime factors of g?
7
Let h = -7 + 10. Suppose h*g + 0*g = -9. Let x = g + 13. List the prime factors of x.
2, 5
Let b(o) = 13*o + 7. List the prime factors of b(4).
59
List the prime factors of (-43 + 12/(-4))*1/(-2).
23
Suppose 0 = 5*y - 0 - 15. Suppose 21 = y*c - 2*z - 23, 2*c + 2*z = 36. What are the prime factors of c?
2
Suppose 4*n = 1002 + 222. What are the prime factors of n?
2, 3, 17
Suppose d - 4*n = -0*n + 10, -5*d + 50 = n. Suppose -36 = -2*a - d. What are the prime factors of a?
13
Suppose 4*f = -2*m - 40, -2*m + f - 95 = m. List the prime factors of (1/(-2))/(1/m).
3, 5
Let b(p) = p**2 - 15*p + 55. What are the prime factors of b(17)?
89
Let p(m) = m**3 + 5*m**2 + 5*m + 4. Let d be p(-5). Let v = d + 54. What are the prime factors of (-2)/(-11) - (-126)/v?
2
Let d = -13 - -25. What are the prime factors of (d/7)/((-6)/(-63))?
2, 3
Suppose 10*p - 945 - 45 = 0. List the prime factors of p.
3, 11
Suppose -4*q + 0 = y + 17, -3*q + 4*y - 8 = 0. Suppose -3 = -4*t + 3*t. Let u = t - q. What are the prime factors of u?
7
Let n(m) = -m**3 + 4*m**2 - m + 3. Let q be n(3). Suppose 0 = -p + 2, 5*d - 20 = 3*p + q. Suppose -d*u + 15 = -2*u. What are the prime factors of u?
3
Suppose 4*x + 0*x = 124. List the prime factors of x.
31
Suppose -3*h + 142 = -83. What are the prime factors of (-4)/3*h/(-10)?
2, 5
Suppose k + 5*z + 5 = 0, -3 = 2*k - 0*k + 3*z. Suppose -3*o + 15 = k, 0 = 3*h - 10*o + 5*o + 10. List the prime factors of h.
5
What are the prime factors of (2028/5)/3 - 1/5?
3, 5
Suppose l - 5*n = 46, 2*n - 126 = -5*l + 50. What are the prime factors of 310/12 - (-6)/l?
2, 13
List the prime factors of 4/(-8)*2 + 12.
11
Let o = 148 + 41. What are the prime factors of o?
3, 7
Let g(b) = 2*b + 12. What are the prime factors of g(5)?
2, 11
Let v = 37 - 17. What are the prime factors of v?
2, 5
Suppose 0*b + 313 = 4*v + 3*b, -4*v - 5*b = -303. List the prime factors of v.
2, 41
Suppose 3 = k - 1. Suppose -3*s + k*n - 65 = -197, 49 = s - 3*n. What are the prime factors of s?
2, 5
Let f(q) = -2*q**3 + 2*q**2 + q - 2. Let b be f(2). What are the prime factors of 2/b + 98/8?
2, 3
Let q = -4 - -18. List the prime factors of q.
2, 7
Suppose -6*s + 96 = -2*s. Suppose q + s = -q. List the prime factors of -2 + q/9*-6.
2, 3
Let a be (-1 - 14/(-4))*2. Suppose -a = -3*k + 4. Let q = -1 + k. List the prime factors of q.
2
Let l(y) = -y**3 + 5*y**2 + 10. What are the prime factors of l(5)?
2, 5
Let w(l) = l**3 + 2*l**2 - 2*l - 1. Let n(m) = -m**2 - 4*m - 1. Let r be n(-3). What are the prime factors of w(r)?
11
Let k = 59 - -48. List the prime factors of k.
107
Suppose -7*j + 3*j + 8 = 0. Suppose 2*h - 34 = -j*l, 2*l - l + 46 = 2*h. What are the prime factors of h?
3, 7
What are the prime factors of (3/(-15))/(-1 + (-56)/(-60))?
3
List the prime factors of 3/2*120/9.
2, 5
Let r = -15 + 50. What are the prime factors of r?
5, 7
Let v = 323 - 194. List the prime factors of v.
3, 43
Let x(u) = -1 + u + u**2 - 3 + 6. Let d(f) = f - 9. Let p be d(7). List the prime factors of x(p).
2
Let w(h) = h**3 - 3*h**2 - 2*h + 2. Suppose 0 = 3*x - x. Suppose 0 = u - 4 - x. What are the prime factors of w(u)?
2, 5
Let x = -9 + 105. List the prime factors of x.
2, 3
Suppose d = -2*a + 144, 0 = 5*d - a + 5*a - 726. What ar